{"id":28,"date":"2024-05-16T10:13:15","date_gmt":"2024-05-16T09:13:15","guid":{"rendered":"https:\/\/adriaticonboat.com\/?page_id=28"},"modified":"2024-05-16T13:01:35","modified_gmt":"2024-05-16T12:01:35","slug":"28-2","status":"publish","type":"page","link":"https:\/\/adriaticonboat.com\/","title":{"rendered":"Welcome"},"content":{"rendered":"<p>[et_pb_section fb_built=&#8221;1&#8243; admin_label=&#8221;Header&#8221; _builder_version=&#8221;4.25.1&#8243; _module_preset=&#8221;default&#8221; use_background_color_gradient=&#8221;on&#8221; background_color_gradient_stops=&#8221;rgba(0,0,0,0.3) 0%|rgba(0,0,0,0.3) 100%&#8221; background_color_gradient_overlays_image=&#8221;on&#8221; background_image=&#8221;https:\/\/adriaticonboat.com\/wp-content\/uploads\/2024\/05\/Kep2.jpg&#8221; collapsed=&#8221;on&#8221; global_colors_info=&#8221;{}&#8221;][et_pb_row _builder_version=&#8221;4.25.1&#8243; _module_preset=&#8221;default&#8221; global_colors_info=&#8221;{}&#8221;][et_pb_column type=&#8221;4_4&#8243; _builder_version=&#8221;4.25.1&#8243; _module_preset=&#8221;default&#8221; global_colors_info=&#8221;{}&#8221;][et_pb_text _builder_version=&#8221;4.25.1&#8243; _module_preset=&#8221;default&#8221; global_colors_info=&#8221;{}&#8221;]<\/p>\n<p>&nbsp;<\/p>\n<p>&nbsp;<\/p>\n<p>&nbsp;<\/p>\n<p>&nbsp;<\/p>\n<p>&nbsp;<\/p>\n<p>&nbsp;<\/p>\n<p>&nbsp;<\/p>\n<p>&nbsp;<\/p>\n<p>&nbsp;<\/p>\n<p>&nbsp;<\/p>\n<p>&nbsp;<\/p>\n<p>&nbsp;<\/p>\n<p>&nbsp;<\/p>\n<p>&nbsp;<\/p>\n<p>&nbsp;<\/p>\n<p>&nbsp;<\/p>\n<p>&nbsp;<\/p>\n<p>&nbsp;<\/p>\n<p>&nbsp;<\/p>\n<p>&nbsp;<\/p>\n<p>&nbsp;<\/p>\n<p>&nbsp;<\/p>\n<p>[\/et_pb_text][\/et_pb_column][\/et_pb_row][\/et_pb_section][et_pb_section fb_built=&#8221;1&#8243; _builder_version=&#8221;4.25.1&#8243; _module_preset=&#8221;default&#8221; global_colors_info=&#8221;{}&#8221;][et_pb_row _builder_version=&#8221;4.25.1&#8243; _module_preset=&#8221;default&#8221; global_colors_info=&#8221;{}&#8221;][et_pb_column type=&#8221;4_4&#8243; _builder_version=&#8221;4.25.1&#8243; _module_preset=&#8221;default&#8221; global_colors_info=&#8221;{}&#8221;][et_pb_text _builder_version=&#8221;4.25.1&#8243; _module_preset=&#8221;default&#8221; custom_padding=&#8221;||6px|||&#8221; inline_fonts=&#8221;Acme&#8221; global_colors_info=&#8221;{}&#8221;]<\/p>\n<h3><span style=\"color: #0000ff;\"><em><strong>\u00dcdv\u00f6zlet az Adriaticonboat oldal\u00e1n!<\/strong> <\/em><\/span><\/h3>\n<p><span style=\"color: #0000ff;\"><em><strong><\/strong><\/em><\/span><\/p>\n<p><span style=\"color: #0000ff;\"><em><strong><\/strong><\/em><\/span><\/p>\n<p style=\"text-align: center;\">\n<p style=\"text-align: center;\"><span style=\"color: #3366ff; font-family: Acme; font-weight: normal; font-size: x-large;\"><strong>Ismerje meg vel\u00fcnk a tenger sz\u00e9ps\u00e9g\u00e9t, \u00e9s k\u00fcl\u00f6nlegess\u00e9g\u00e9t! Vitorl\u00e1s utak az Adriai &#8211; tengeren.<\/strong><\/span><\/p>\n<p><span style=\"color: #3366ff;\"><strong><\/strong><\/span><\/p>\n<p>[\/et_pb_text][\/et_pb_column][\/et_pb_row][et_pb_row _builder_version=&#8221;4.25.1&#8243; _module_preset=&#8221;default&#8221; global_colors_info=&#8221;{}&#8221;][et_pb_column type=&#8221;4_4&#8243; _builder_version=&#8221;4.25.1&#8243; _module_preset=&#8221;default&#8221; global_colors_info=&#8221;{}&#8221;][et_pb_image src=&#8221;https:\/\/adriaticonboat.com\/wp-content\/uploads\/2024\/05\/adria.webp&#8221; title_text=&#8221;adria&#8221; _builder_version=&#8221;4.25.1&#8243; _module_preset=&#8221;default&#8221; global_colors_info=&#8221;{}&#8221;][\/et_pb_image][\/et_pb_column][\/et_pb_row][\/et_pb_section][et_pb_section fb_built=&#8221;1&#8243; _builder_version=&#8221;4.25.1&#8243; _module_preset=&#8221;default&#8221; global_colors_info=&#8221;{}&#8221;][et_pb_row _builder_version=&#8221;4.25.1&#8243; _module_preset=&#8221;default&#8221; global_colors_info=&#8221;{}&#8221;][et_pb_column type=&#8221;4_4&#8243; _builder_version=&#8221;4.25.1&#8243; _module_preset=&#8221;default&#8221; global_colors_info=&#8221;{}&#8221;][et_pb_text _builder_version=&#8221;4.25.1&#8243; _module_preset=&#8221;default&#8221; text_font=&#8221;Acme||||||||&#8221; text_font_size=&#8221;20px&#8221; box_shadow_style=&#8221;preset3&#8243; global_colors_info=&#8221;{}&#8221;]<\/p>\n<p style=\"text-align: center;\"><span style=\"color: #0000ff;\"><strong>4 napos \u00fat 8 szem\u00e9lyre: Medulin-Pula, Susak, Mali Losinj, Cres, Medulin<\/strong><\/span><\/p>\n<p><span style=\"color: #0000ff;\">\u00a0\u00a0\u00a0\u00a0\u00a0\u00a0\u00a0\u00a0\u00a0 A haj\u00f3:<\/span> <span style=\"color: #3366ff;\">LISA IX<\/span><\/p>\n<p><span style=\"color: #0000ff;\">\u00a0\u00a0\u00a0\u00a0 1. nap :<\/span> <span style=\"color: #3366ff;\">Medulin \u2013 Pula v\u00e1rosn\u00e9z\u00e9s<\/span><\/p>\n<p><span style=\"color: #0000ff;\">\u00a0\u00a0\u00a0\u00a0 2. nap :<\/span> <span style=\"color: #3366ff;\">Indul\u00e1s a Susak homokos\u00a0 szigetre, majd este \u00e9rkez\u00e9s Maili Losinj-ba<\/span><\/p>\n<p><span style=\"color: #0000ff;\">\u00a0\u00a0\u00a0\u00a0 3. nap<\/span> : <span style=\"color: #3366ff;\">Cres sziget<\/span><\/p>\n<p><span style=\"color: #0000ff;\">\u00a0\u00a0\u00a0\u00a0 4. nap :<\/span> <span style=\"color: #3366ff;\">vissza\u00e9rkez\u00e9s Medulin-ba<\/span><\/p>\n<p>&nbsp;<\/p>\n<p>&nbsp;<\/p>\n<p>[\/et_pb_text][\/et_pb_column][\/et_pb_row][\/et_pb_section][et_pb_section fb_built=&#8221;1&#8243; _builder_version=&#8221;4.25.1&#8243; _module_preset=&#8221;default&#8221; global_colors_info=&#8221;{}&#8221;][et_pb_row column_structure=&#8221;1_3,1_3,1_3&#8243; _builder_version=&#8221;4.25.1&#8243; _module_preset=&#8221;default&#8221; global_colors_info=&#8221;{}&#8221;][et_pb_column type=&#8221;1_3&#8243; _builder_version=&#8221;4.25.1&#8243; _module_preset=&#8221;default&#8221; global_colors_info=&#8221;{}&#8221;][et_pb_image src=&#8221;https:\/\/adriaticonboat.com\/wp-content\/uploads\/2024\/05\/english.png&#8221; title_text=&#8221;english&#8221; _builder_version=&#8221;4.25.1&#8243; _module_preset=&#8221;default&#8221; animation_style=&#8221;fade&#8221; global_colors_info=&#8221;{}&#8221;][\/et_pb_image][\/et_pb_column][et_pb_column type=&#8221;1_3&#8243; _builder_version=&#8221;4.25.1&#8243; _module_preset=&#8221;default&#8221; global_colors_info=&#8221;{}&#8221;][et_pb_toggle title=&#8221;Information&#8221; open_toggle_text_color=&#8221;#0C71C3&#8243; icon_color=&#8221;#0C71C3&#8243; toggle_icon=&#8221;&#xe044;||divi||400&#8243; open_icon_color=&#8221;#0C71C3&#8243; _builder_version=&#8221;4.25.1&#8243; _module_preset=&#8221;default&#8221; title_text_color=&#8221;#0C71C3&#8243; title_font=&#8221;Aclonica||||||||&#8221; title_text_align=&#8221;center&#8221; title_font_size=&#8221;25px&#8221; transform_translate=&#8221;29px|29px&#8221; width=&#8221;105%&#8221; max_width=&#8221;90%&#8221; custom_margin=&#8221;|-200px||||&#8221; title_text_shadow_style=&#8221;preset2&#8243; box_shadow_style=&#8221;preset3&#8243; global_colors_info=&#8221;{}&#8221;]<\/p>\n<p><span style=\"color: #0000ff;\"><b>4 <\/b><b>days<\/b> <b>trip<\/b> <b>for<\/b><b> 8 <\/b><b>person<\/b><\/span><\/p>\n<p><span style=\"color: #0000ff;\"><b>The boat: <span style=\"color: #3366ff;\">LISA IX<\/span><\/b><\/span><\/p>\n<p><strong><span style=\"color: #0000ff;\">1. Day : <span style=\"color: #3366ff;\">siteseeing in Medulin &#8211; Pula<\/span><\/span><\/strong><\/p>\n<p><strong><span style=\"color: #0000ff;\">2.Day : <span style=\"color: #3366ff;\">Starting to Susak sandy Island and arriving to Mali Losinj in the evening<\/span><\/span><\/strong><\/p>\n<p><strong><span style=\"color: #0000ff;\">3. Day : <span style=\"color: #3366ff;\">Cres Island<\/span><\/span><\/strong><\/p>\n<p><strong><span style=\"color: #0000ff;\">4. Day : <span style=\"color: #3366ff;\">Back to Medulin<\/span><\/span><\/strong><\/p>\n<p>&nbsp;<\/p>\n<p>[\/et_pb_toggle][\/et_pb_column][et_pb_column type=&#8221;1_3&#8243; _builder_version=&#8221;4.25.1&#8243; _module_preset=&#8221;default&#8221; global_colors_info=&#8221;{}&#8221;][\/et_pb_column][\/et_pb_row][et_pb_row _builder_version=&#8221;4.25.1&#8243; _module_preset=&#8221;default&#8221; global_colors_info=&#8221;{}&#8221;][et_pb_column type=&#8221;4_4&#8243; _builder_version=&#8221;4.25.1&#8243; _module_preset=&#8221;default&#8221; global_colors_info=&#8221;{}&#8221;][et_pb_divider show_divider=&#8221;off&#8221; _builder_version=&#8221;4.25.1&#8243; _module_preset=&#8221;default&#8221; global_colors_info=&#8221;{}&#8221;][\/et_pb_divider][\/et_pb_column][\/et_pb_row][et_pb_row column_structure=&#8221;3_5,2_5&#8243; _builder_version=&#8221;4.25.1&#8243; _module_preset=&#8221;default&#8221; global_colors_info=&#8221;{}&#8221;][et_pb_column type=&#8221;3_5&#8243; _builder_version=&#8221;4.25.1&#8243; _module_preset=&#8221;default&#8221; global_colors_info=&#8221;{}&#8221;][et_pb_toggle title=&#8221;Informa\u021bie&#8221; open_toggle_text_color=&#8221;#0C71C3&#8243; icon_color=&#8221;#0C71C3&#8243; toggle_icon=&#8221;&#xe03c;||divi||400&#8243; open_icon_color=&#8221;#0C71C3&#8243; _builder_version=&#8221;4.25.1&#8243; _module_preset=&#8221;default&#8221; title_text_color=&#8221;#0C71C3&#8243; title_font=&#8221;Aclonica||||||||&#8221; title_font_size=&#8221;26px&#8221; transform_translate=&#8221;33px|33px&#8221; max_width=&#8221;59.8%&#8221; module_alignment=&#8221;left&#8221; title_text_shadow_style=&#8221;preset2&#8243; box_shadow_style=&#8221;preset3&#8243; global_colors_info=&#8221;{}&#8221;]<\/p>\n<p><span style=\"color: #0000ff;\"><b>Tura de 4 <\/b><b>zile<\/b> <b>pentru<\/b><b> 8 <\/b><b>persoane<\/b><\/span><\/p>\n<p><strong><span style=\"color: #0000ff;\">Barca<\/span><span style=\"color: #0000ff;\">:<\/span> <span style=\"color: #3366ff;\">Lisa IX<\/span><\/strong><\/p>\n<p><strong><span style=\"color: #0000ff;\">Ziua 1. :<\/span><span style=\"color: #3366ff;\"> plimbare in Medulin\u00a0 si Pula<\/span><\/strong><\/p>\n<p><strong><span style=\"color: #0000ff;\">Ziua 2. :<\/span>\u00a0 <span style=\"color: #3366ff;\">pornire la insula de nisip Susak, seara ajungem in Mali Losinj<\/span><\/strong><\/p>\n<p><strong><span style=\"color: #0000ff;\">Ziua 3. :<\/span>\u00a0 <span style=\"color: #3366ff;\">Insula Cres, orasul Cres<\/span><\/strong><\/p>\n<p><strong><span style=\"color: #0000ff;\">Ziua 4. :<\/span><span style=\"color: #3366ff;\"> ajungem inapoi la Medulin<\/span><\/strong><\/p>\n<p>&nbsp;<\/p>\n<p>[\/et_pb_toggle][\/et_pb_column][et_pb_column type=&#8221;2_5&#8243; _builder_version=&#8221;4.25.1&#8243; _module_preset=&#8221;default&#8221; global_colors_info=&#8221;{}&#8221;][et_pb_image src=&#8221;https:\/\/adriaticonboat.com\/wp-content\/uploads\/2024\/05\/romanian.png&#8221; title_text=&#8221;romanian&#8221; _builder_version=&#8221;4.25.1&#8243; _module_preset=&#8221;default&#8221; animation_style=&#8221;fade&#8221; global_colors_info=&#8221;{}&#8221;][\/et_pb_image][\/et_pb_column][\/et_pb_row][\/et_pb_section][et_pb_section fb_built=&#8221;1&#8243; admin_label=&#8221;Call to Action&#8221; _builder_version=&#8221;4.22.0&#8243; _module_preset=&#8221;default&#8221; use_background_color_gradient=&#8221;on&#8221; background_color_gradient_stops=&#8221;rgba(0,0,0,0.5) 0%|rgba(0,0,0,0.5) 100%&#8221; background_color_gradient_overlays_image=&#8221;on&#8221; background_image=&#8221;https:\/\/adriaticonboat.com\/wp-content\/uploads\/2024\/05\/beach-rental-07.jpg&#8221; custom_padding=&#8221;10vw||10vw||true|false&#8221; collapsed=&#8221;on&#8221; global_colors_info=&#8221;{}&#8221;][et_pb_row _builder_version=&#8221;4.22.0&#8243; _module_preset=&#8221;default&#8221; max_width=&#8221;800px&#8221; global_colors_info=&#8221;{}&#8221;][et_pb_column type=&#8221;4_4&#8243; _builder_version=&#8221;4.22.0&#8243; _module_preset=&#8221;default&#8221; global_colors_info=&#8221;{}&#8221;][et_pb_button button_url=&#8221;https:\/\/adriaticonboat.com\/index.php\/kapcsolat\/&#8221; button_text=&#8221;Kapcsolat \/ Contact &#8221; button_alignment=&#8221;center&#8221; _builder_version=&#8221;4.25.1&#8243; _module_preset=&#8221;_initial&#8221; custom_button=&#8221;on&#8221; button_text_size=&#8221;24px&#8221; button_text_color=&#8221;#FFFFFF&#8221; button_bg_color=&#8221;RGBA(255,255,255,0)&#8221; button_border_width=&#8221;4px&#8221; button_border_color=&#8221;#FFFFFF&#8221; button_border_radius=&#8221;29px&#8221; button_letter_spacing=&#8221;0em&#8221; button_font=&#8221;Acme|600|||||||&#8221; custom_padding=&#8221;12px|24px|12px|24px|true|true&#8221; animation_style=&#8221;flip&#8221; button_text_shadow_style=&#8221;preset2&#8243; button_text_shadow_color=&#8221;#EDF000&#8243; box_shadow_style=&#8221;preset4&#8243; global_colors_info=&#8221;{}&#8221;][\/et_pb_button][\/et_pb_column][\/et_pb_row][et_pb_row _builder_version=&#8221;4.25.1&#8243; _module_preset=&#8221;default&#8221; column_structure=&#8221;1_3,1_3,1_3&#8243;][et_pb_column _builder_version=&#8221;4.25.1&#8243; _module_preset=&#8221;default&#8221; type=&#8221;1_3&#8243;][\/et_pb_column][et_pb_column _builder_version=&#8221;4.25.1&#8243; _module_preset=&#8221;default&#8221; type=&#8221;1_3&#8243;][\/et_pb_column][et_pb_column _builder_version=&#8221;4.25.1&#8243; _module_preset=&#8221;default&#8221; type=&#8221;1_3&#8243;][et_pb_button button_url=&#8221;https:\/\/adriaticonboat.com\/?page_id=3&#038;preview=true&#8221; url_new_window=&#8221;on&#8221; button_text=&#8221;ASZF &#038;  Adatkezel\u00e9si t\u00e1j\u00e9koztat\u00f3&#8221; _builder_version=&#8221;4.25.1&#8243; _module_preset=&#8221;default&#8221; custom_button=&#8221;on&#8221; button_text_size=&#8221;17px&#8221; button_border_width=&#8221;2px&#8221; button_border_radius=&#8221;15px&#8221; hover_enabled=&#8221;0&#8243; global_colors_info=&#8221;{}&#8221; theme_builder_area=&#8221;post_content&#8221; button_alignment=&#8221;right&#8221; sticky_enabled=&#8221;0&#8243;][\/et_pb_button][\/et_pb_column][\/et_pb_row][\/et_pb_section]<\/p>\n","protected":false},"excerpt":{"rendered":"<p>&nbsp; &nbsp; &nbsp; &nbsp; &nbsp; &nbsp; &nbsp; &nbsp; &nbsp; &nbsp; &nbsp; &nbsp; &nbsp; &nbsp; &nbsp; &nbsp; &nbsp; &nbsp; &nbsp; &nbsp; &nbsp; &nbsp;\u00dcdv\u00f6zlet az Adriaticonboat oldal\u00e1n! Ismerje meg vel\u00fcnk a tenger sz\u00e9ps\u00e9g\u00e9t, \u00e9s k\u00fcl\u00f6nlegess\u00e9g\u00e9t! Vitorl\u00e1s utak az Adriai &#8211; tengeren. 4 napos \u00fat 8 szem\u00e9lyre: Medulin-Pula, Susak, Mali Losinj, Cres, Medulin \u00a0\u00a0\u00a0\u00a0\u00a0\u00a0\u00a0\u00a0\u00a0 A haj\u00f3: LISA IX [&hellip;]<\/p>\n","protected":false},"author":1,"featured_media":0,"parent":0,"menu_order":0,"comment_status":"closed","ping_status":"closed","template":"","meta":{"_et_pb_use_builder":"on","_et_pb_old_content":"","_et_gb_content_width":"","footnotes":""},"class_list":["post-28","page","type-page","status-publish","hentry"],"_links":{"self":[{"href":"https:\/\/adriaticonboat.com\/index.php\/wp-json\/wp\/v2\/pages\/28","targetHints":{"allow":["GET"]}}],"collection":[{"href":"https:\/\/adriaticonboat.com\/index.php\/wp-json\/wp\/v2\/pages"}],"about":[{"href":"https:\/\/adriaticonboat.com\/index.php\/wp-json\/wp\/v2\/types\/page"}],"author":[{"embeddable":true,"href":"https:\/\/adriaticonboat.com\/index.php\/wp-json\/wp\/v2\/users\/1"}],"replies":[{"embeddable":true,"href":"https:\/\/adriaticonboat.com\/index.php\/wp-json\/wp\/v2\/comments?post=28"}],"version-history":[{"count":5,"href":"https:\/\/adriaticonboat.com\/index.php\/wp-json\/wp\/v2\/pages\/28\/revisions"}],"predecessor-version":[{"id":144,"href":"https:\/\/adriaticonboat.com\/index.php\/wp-json\/wp\/v2\/pages\/28\/revisions\/144"}],"wp:attachment":[{"href":"https:\/\/adriaticonboat.com\/index.php\/wp-json\/wp\/v2\/media?parent=28"}],"curies":[{"name":"wp","href":"https:\/\/api.w.org\/{rel}","templated":true}]}}